800)/(-10))/14. Let w = 46 + 16. Calculate the greatest common factor of w and y.
31
Let j(w) = -9*w**3 - 4*w**2 - 12*w + 7. Let o be j(-8). What is the greatest common divisor of 55 and o?
55
Let x be (120/(-18) - -5) + (-196850)/(-93). Calculate the greatest common factor of x and 1350.
45
Suppose -p - 55754 = -2*s, -40 = -15*p + 20*p. Calculate the highest common factor of s and 171.
171
Let l = 663 + -638. Suppose -u = -660 + 260. Calculate the highest common factor of l and u.
25
Suppose -2*g = -p + 3*g + 174, 730 = 4*p - 3*g. Let d(z) = 29*z - 250. Let f be d(11). What is the greatest common factor of f and p?
23
Let s(u) = 4*u - 22. Suppose -8 = -2*r + 6. Let n be s(r). Suppose 0 = 10*o - 14 - n. Calculate the greatest common divisor of 3 and o.
1
Let x be 8/(-520)*-104*(14/4 - 1). What is the highest common divisor of x and 484?
4
Let y(t) = 28*t**2 - 587*t + 8. Let f be y(21). Calculate the highest common divisor of 2117 and f.
29
Let l(t) = t + 4. Let r be l(4). Suppose -86 = r*a - 502. Suppose -39 = 7*z - 130. What is the greatest common factor of a and z?
13
Let v = -11396 - -18009. What is the greatest common factor of 51 and v?
17
Let f(b) = -3*b - 6. Let v be f(-5). Let q be -1*(8 + -3) + 62. Suppose -3*w - 3*k = -q, 5*w - 131 = -2*k - 39. Calculate the highest common divisor of v and w.
9
Let r = -542 - -547. Let q be (6405/12)/r + (-4)/(-16). What is the greatest common divisor of q and 1?
1
Let z = -7 - -1. Let r(g) = 2*g**2 - 5*g - 3. Let w be r(z). Let k be 2/(-6) + (-6692)/(-717). What is the highest common factor of w and k?
9
Let g = 51 + -51. Suppose 6*x - 3*x - 33 = g. Let k(b) = 9*b + 27. Let m be k(x). What is the greatest common divisor of m and 18?
18
Let v be 2*(2 + (-12)/6 - (-1421)/14). Let c = 81 - 23. Calculate the highest common factor of c and v.
29
Suppose 0*v = -v + 8. Let o(u) = -9 - 1469*u**2 + 1 + u**3 + 1476*u**2. Let p be o(-4). What is the highest common factor of p and v?
8
Suppose -2*c = 4*d - 146, 330 = 5*d + 2*c + 149. Calculate the highest common factor of d and 140.
35
Let r be (23/4)/((-2)/(-8)). Suppose -33*q + 36 = 3. Let z be (q/(-2))/(99/(-22770)). Calculate the highest common factor of z and r.
23
Let s = 79 + -64. Suppose -s*d = 108 - 423. What is the highest common factor of 35 and d?
7
Suppose -2*y + 22 = 6. Suppose -255*p = -222*p - 264. What is the highest common factor of y and p?
8
Let b(c) = c**3 + 10*c**2 - 126*c - 1109. Let y be b(-11). Calculate the greatest common factor of 9464 and y.
52
Let l(a) = a**3 - 11*a**2 - 16*a - 12. Let r be l(14). Let f = -242 + r. What is the greatest common divisor of f and 10?
10
Let j be 10/(-15) - -1 - 246/(-18)*619. Calculate the highest common factor of 36 and j.
36
Suppose -4*v = 2*j - 968, 7*j - 10*j + 1452 = 4*v. Calculate the greatest common factor of j and 132.
44
Let u(i) = 5*i**2 - 2*i - 4. Let v be u(3). Suppose -3*n = o - 31, n = 6*n - 2*o - 70. Suppose 4*l + n = 40. Calculate the highest common factor of l and v.
7
Suppose -128*r - 2*d = -130*r, -r - 10 = -3*d. Calculate the greatest common factor of r and 1585.
5
Suppose -5*y + 2*h + 12 = 0, -h - 16 = -9*y + 4*y. Suppose y*w - 14 = 178. Calculate the highest common factor of w and 18.
6
Let l be (18/4)/(31 - 4398878/141900). Calculate the highest common factor of 75 and l.
75
Let x(p) = 32*p - 1. Let i be x(-2). Let n = 59 + i. Let r be ((-12)/n*1)/((-2)/(-8)). What is the highest common divisor of r and 80?
8
Let f = 1486 + -597. Suppose -8*t + t + f = 0. Let s = t + -103. Calculate the greatest common divisor of 1 and s.
1
Let z be 5/(-120)*4*2*-90. Suppose -9 - 5241 = -z*w. Calculate the greatest common factor of 28 and w.
7
Suppose 265 = -7*k + 293. Suppose -2*j = -k*a - 56, 65 + 3 = 3*j + 2*a. Calculate the greatest common divisor of j and 276.
12
Suppose 380*x = 374*x + 240. Calculate the greatest common divisor of x and 872.
8
Let l be -13 - -6713 - 8/((-8)/(-7)). Calculate the greatest common factor of l and 414.
69
Suppose 2*c - 23296 = 4*x, 4*x + 35534 = 3*c + 574. Calculate the greatest common divisor of c and 48.
48
Let s(v) = 15*v**3 + 11*v**2 + 17*v. Let k be s(-6). Let u be k/(-21) + (4 - (-30)/(-7)). What is the greatest common divisor of 105 and u?
35
Suppose 5*d + 33 = -12. Let w(a) = a**2 + 9*a + 17. Let s be w(d). Calculate the greatest common divisor of s and 85.
17
Let t = -16699 + 17181. Calculate the highest common divisor of t and 19039.
241
Let m be (-1074)/(-4) + (-17)/34. Let u(w) = -47*w - 10. Let k be u(-4). Let o = m - k. What is the greatest common factor of 10 and o?
10
Suppose 5*d = -4*r - 3*d + 59112, -5*r + d + 73868 = 0. What is the highest common factor of 534 and r?
178
Suppose -7*j + 8*j + 122 = 0. Let a = -121 - j. Let d be (2/((-6)/(-57)))/a. Calculate the highest common factor of d and 323.
19
Let p = 6527 - 6519. Calculate the greatest common divisor of p and 2260.
4
Let z be 10 - -9 - 1/(-1) - -10. What is the highest common divisor of z and 438?
6
Suppose 0 = -4*i - 0*i + 320. Let o = -78 + i. Let q = 24 + -2. What is the greatest common factor of o and q?
2
Suppose -3 - 9 = 3*b, -4*n - 2*b = -208. Suppose -2*c + 72 = -n. Calculate the highest common divisor of 567 and c.
63
Let f(k) = -13*k + 795. Let t be f(61). Let c be 12/(2 + -5) + 15. Calculate the greatest common divisor of c and t.
1
Let z(o) = -o**2 - 2*o + 342. Let r be z(0). Calculate the highest common factor of 912 and r.
114
Let w(f) = 948*f + 12105. Let u be w(-12). What is the highest common divisor of 45 and u?
9
Let x(m) = 186*m**3 - 183*m**3 + m + m**2 + 4 - 7*m. Let i be x(3). What is the greatest common factor of 57 and i?
19
Let v(f) = -f**2 - 43*f + 123. Let n be v(-42). What is the greatest common factor of n and 825?
165
Let w(u) = -u**3 + 2*u**2 - u - 6. Let c be w(-2). Suppose -821 = -4*a + 5*v, -4*a - 5*v + 1015 = a. Calculate the highest common divisor of c and a.
12
Let h be -10 + 4077/9 - 2. What is the highest common divisor of h and 147?
147
Suppose -5*c - 123 + 368 = -4*a, 0 = c + 4*a - 49. Suppose -51*l + 228 = -c*l. What is the greatest common factor of 6 and l?
6
Suppose -5*s = n - 18704, 22 = 4*n + 6. Suppose -11*l - 9*l = -s. Calculate the highest common factor of 136 and l.
17
Let i be (-46 - -43)/(153/(-50) - -3). What is the greatest common divisor of 35 and i?
5
Suppose 4*g - 303 = 57. Let t = g - -9. Calculate the greatest common factor of t and 66.
33
Suppose -3*l = 3*t + 222, -4*t - 115 = 2*l + 37. Let v = l - -87. Let p be 2/3 + 176/6. What is the highest common divisor of v and p?
15
Let d = -392 + 451. Suppose 4*n - 3*u + u - 88 = 0, 3*n - d = -2*u. Calculate the highest common divisor of 18 and n.
3
Let p be ((-876)/(-8))/(2/(-4)). Let a be (-15)/10 + p/(-6). Let j = 505 + -495. Calculate the greatest common factor of a and j.
5
Suppose -12*y - 4887 = -16*y - 5*u, -2*y + u = -2433. Calculate the greatest common divisor of y and 98.
14
Suppose 4*j + 44 - 258 = 66. Calculate the greatest common divisor of j and 2758.
14
Let p(x) = 4*x**2 + x - 1. Let y be p(1). Suppose -126 = -r + y*r. Let a = -37 - r. Calculate the greatest common divisor of a and 45.
5
Suppose 19*v - 23*v + 4900 = -3*r, -2*r = -4*v + 4904. Calculate the greatest common factor of v and 8.
4
Let f = -175 + 295. Suppose -2*y = -17*y + f. What is the highest common divisor of 760 and y?
8
Let b be 0 + -2 + 162/3. Let x = -723 - -1139. What is the greatest common factor of b and x?
52
Let a be (1 - -2)/(129/774). What is the highest common divisor of 1098 and a?
18
Let l(u) = 222*u**2 - 214*u + 1057. Let c be l(5). What is the greatest common divisor of c and 113?
113
Let n be (4/11)/((-38)/(-209)). Suppose n*a + 48 = 180. Calculate the highest common divisor of 55 and a.
11
Suppose 5*m - 836 = 2*p, -5*m + 80 = 5*p - 805. Calculate the greatest common factor of 2482 and m.
34
Suppose -7*t - 3*c = -3*t + 300, -5*t = -2*c + 375. Let v be t/50*100/3*-13. What is the highest common factor of v and 50?
50
Let n(h) = h**3 + 12*h**2 + h + 6. Let l be n(-12). Let s be ((-9)/l)/(27/3960). Let m be 3/(-12) - (-81)/4. What is the highest common divisor of m and s?
20
Let c be -1*(-22)/(22/117). Calculate the highest common divisor of c and 3237.
39
Suppose -4*x + 8 = 5*j + 16, -3*